{"id":2,"date":"2010-09-02T16:49:57","date_gmt":"2010-09-02T14:49:57","guid":{"rendered":"http:\/\/rohweder.org\/foto\/?page_id=2"},"modified":"2018-05-20T11:03:24","modified_gmt":"2018-05-20T09:03:24","slug":"der-fotograf","status":"publish","type":"page","link":"https:\/\/rohweder.org\/foto\/der-fotograf\/","title":{"rendered":"Der Fotograf"},"content":{"rendered":"<p><a href=\"https:\/\/rohweder.org\/foto\/wp-content\/uploads\/2010\/09\/christianrohweder-de.jpg\"><img loading=\"lazy\" decoding=\"async\" class=\"alignright size-thumbnail wp-image-534\" src=\"https:\/\/rohweder.org\/foto\/wp-content\/uploads\/2010\/09\/christianrohweder-de-188x188.jpg\" alt=\"christianrohweder-de\" width=\"188\" height=\"188\" srcset=\"https:\/\/rohweder.org\/foto\/wp-content\/uploads\/2010\/09\/christianrohweder-de-188x188.jpg 188w, https:\/\/rohweder.org\/foto\/wp-content\/uploads\/2010\/09\/christianrohweder-de-288x288.jpg 288w, https:\/\/rohweder.org\/foto\/wp-content\/uploads\/2010\/09\/christianrohweder-de-494x494.jpg 494w, https:\/\/rohweder.org\/foto\/wp-content\/uploads\/2010\/09\/christianrohweder-de-150x150.jpg 150w, https:\/\/rohweder.org\/foto\/wp-content\/uploads\/2010\/09\/christianrohweder-de-280x280.jpg 280w, https:\/\/rohweder.org\/foto\/wp-content\/uploads\/2010\/09\/christianrohweder-de.jpg 500w\" sizes=\"auto, (max-width: 188px) 100vw, 188px\" \/><\/a>Hier ein paar \u201ctechnische\u201d Daten zu mir:<\/p>\n<p><em>Pers\u00f6nliches<\/em><br \/>\nChristian Rohweder, Jahrgang 1969,\u00a0Goosefeld bei Eckernf\u00f6rde<\/p>\n<p><em>Hobbies<\/em><br \/>\nFotografie, Motorrad, Modellbahn.<\/p>\n<p><em>Berufliches<br \/>\n<span style=\"font-style: normal;\">Gelernt habe ich mal Datenverarbeitungskaufmann (ein tolles Wort), davon ist nach der Ausbildung der Kaufmann sehr kurz gekommen, die Datenverarbeitung (wenn man es denn so nennen will) daf\u00fcr zum vollen Zuge. Lange Jahre habe ich im Bereich IT-Support\/Helpdesk gearbeitet und meine Kunden am Telefon begl\u00fcckt &#8211; durch L\u00f6sung ihrer IT-Probleme, nicht was Ihr jetzt wieder denkt!<\/span><\/em><\/p>\n<p>Zur Fotografie kam ich urspr\u00fcnglich \u00fcber meinen Vater, er hat mir auch noch das Entwickeln von Filmen und Anfertigen von Abz\u00fcgen in der Dunkelkammer beigebracht und so mit 8 Jahren bekam ich meine erste Kamera &#8211; glaube ich zumindest, denn irgendwie werde ich das Gef\u00fchl nicht los, die Agfa bekam ich schon fr\u00fcher in die Finger.<\/p>\n<p>Mitte der 2000er habe ich dann eine IT-Auszeit genommen\u00a0und die Fotografie zum Beruf erhoben. Meine Schwerpunkte sind die Gewerbe- und Industriefotografie sowie Hochzeitsreportagen.<\/p>\n<p>Und dennoch betreibe ich die Fotografie auch als Hobby. Denn auch in meiner Freizeit nehme ich die Kamera gerne in die Hand und ziehe los um Bilder zu machen. Ich mag das Medium Bild einfach.<\/p>\n<p>Links zum offiziellen Auftritt und zum Blog findet sich unter &#8222;Links&#8220; (wer h\u00e4tte das gedacht).<\/p>\n<p><em>Kontakt<\/em>:<\/p>\n<p>Christian Rohweder<br \/>\nMarienthal 23<br \/>\n24340 Goosefeld<br \/>\nchristian@rohweder.org<\/p>\n","protected":false},"excerpt":{"rendered":"<p>Hier ein paar \u201ctechnische\u201d Daten zu mir: Pers\u00f6nliches Christian Rohweder, Jahrgang 1969,\u00a0Goosefeld bei Eckernf\u00f6rde Hobbies Fotografie, Motorrad, Modellbahn. Berufliches Gelernt habe ich mal Datenverarbeitungskaufmann (ein tolles Wort), davon ist nach der Ausbildung der Kaufmann sehr kurz gekommen, die Datenverarbeitung (wenn man es denn so nennen will) daf\u00fcr zum vollen Zuge. Lange Jahre habe ich im [&hellip;]<\/p>\n","protected":false},"author":1,"featured_media":0,"parent":0,"menu_order":2,"comment_status":"closed","ping_status":"closed","template":"","meta":{"jetpack_post_was_ever_published":false,"footnotes":""},"class_list":["post-2","page","type-page","status-publish","hentry"],"jetpack_shortlink":"https:\/\/wp.me\/P14874-2","jetpack_sharing_enabled":true,"_links":{"self":[{"href":"https:\/\/rohweder.org\/foto\/wp-json\/wp\/v2\/pages\/2","targetHints":{"allow":["GET"]}}],"collection":[{"href":"https:\/\/rohweder.org\/foto\/wp-json\/wp\/v2\/pages"}],"about":[{"href":"https:\/\/rohweder.org\/foto\/wp-json\/wp\/v2\/types\/page"}],"author":[{"embeddable":true,"href":"https:\/\/rohweder.org\/foto\/wp-json\/wp\/v2\/users\/1"}],"replies":[{"embeddable":true,"href":"https:\/\/rohweder.org\/foto\/wp-json\/wp\/v2\/comments?post=2"}],"version-history":[{"count":15,"href":"https:\/\/rohweder.org\/foto\/wp-json\/wp\/v2\/pages\/2\/revisions"}],"predecessor-version":[{"id":700,"href":"https:\/\/rohweder.org\/foto\/wp-json\/wp\/v2\/pages\/2\/revisions\/700"}],"wp:attachment":[{"href":"https:\/\/rohweder.org\/foto\/wp-json\/wp\/v2\/media?parent=2"}],"curies":[{"name":"wp","href":"https:\/\/api.w.org\/{rel}","templated":true}]}}

<p><a href="https://rohweder.org/foto/wp-content/uploads/2010/09/christianrohweder-de.jpg"><img loading="lazy" decoding="async" class="alignright size-thumbnail wp-image-534" src="https://rohweder.org/foto/wp-content/uploads/2010/09/christianrohweder-de-188x188.jpg" alt="christianrohweder-de" width="188" height="188" srcset="https://rohweder.org/foto/wp-content/uploads/2010/09/christianrohweder-de-188x188.jpg 188w, https://rohweder.org/foto/wp-content/uploads/2010/09/christianrohweder-de-288x288.jpg 288w, https://rohweder.org/foto/wp-content/uploads/2010/09/christianrohweder-de-494x494.jpg 494w, https://rohweder.org/foto/wp-content/uploads/2010/09/christianrohweder-de-150x150.jpg 150w, https://rohweder.org/foto/wp-content/uploads/2010/09/christianrohweder-de-280x280.jpg 280w, https://rohweder.org/foto/wp-content/uploads/2010/09/christianrohweder-de.jpg 500w" sizes="auto, (max-width: 188px) 100vw, 188px" /></a>Hier ein paar “technische” Daten zu mir:</p>
<p><em>Persönliches</em><br />
Christian Rohweder, Jahrgang 1969, Goosefeld bei Eckernförde</p>
<p><em>Hobbies</em><br />
Fotografie, Motorrad, Modellbahn.</p>
<p><em>Berufliches<br />
<span style="font-style: normal;">Gelernt habe ich mal Datenverarbeitungskaufmann (ein tolles Wort), davon ist nach der Ausbildung der Kaufmann sehr kurz gekommen, die Datenverarbeitung (wenn man es denn so nennen will) dafür zum vollen Zuge. Lange Jahre habe ich im Bereich IT-Support/Helpdesk gearbeitet und meine Kunden am Telefon beglückt &#8211; durch Lösung ihrer IT-Probleme, nicht was Ihr jetzt wieder denkt!</span></em></p>
<p>Zur Fotografie kam ich ursprünglich über meinen Vater, er hat mir auch noch das Entwickeln von Filmen und Anfertigen von Abzügen in der Dunkelkammer beigebracht und so mit 8 Jahren bekam ich meine erste Kamera &#8211; glaube ich zumindest, denn irgendwie werde ich das Gefühl nicht los, die Agfa bekam ich schon früher in die Finger.</p>
<p>Mitte der 2000er habe ich dann eine IT-Auszeit genommen und die Fotografie zum Beruf erhoben. Meine Schwerpunkte sind die Gewerbe- und Industriefotografie sowie Hochzeitsreportagen.</p>
<p>Und dennoch betreibe ich die Fotografie auch als Hobby. Denn auch in meiner Freizeit nehme ich die Kamera gerne in die Hand und ziehe los um Bilder zu machen. Ich mag das Medium Bild einfach.</p>
<p>Links zum offiziellen Auftritt und zum Blog findet sich unter &#8222;Links&#8220; (wer hätte das gedacht).</p>
<p><em>Kontakt</em>:</p>
<p>Christian Rohweder<br />
Marienthal 23<br />
24340 Goosefeld<br />
christian@rohweder.org</p>

<p>Hier ein paar “technische” Daten zu mir: Persönliches Christian Rohweder, Jahrgang 1969, Goosefeld bei Eckernförde Hobbies Fotografie, Motorrad, Modellbahn. Berufliches Gelernt habe ich mal Datenverarbeitungskaufmann (ein tolles Wort), davon ist nach der Ausbildung der Kaufmann sehr kurz gekommen, die Datenverarbeitung (wenn man es denn so nennen will) dafür zum vollen Zuge. Lange Jahre habe ich im [&hellip;]</p>
